{"id":187,"date":"2017-09-15T13:17:21","date_gmt":"2017-09-15T13:17:21","guid":{"rendered":"http:\/\/fieldtargetcolombia.com\/?page_id=187"},"modified":"2019-04-03T19:15:49","modified_gmt":"2019-04-03T19:15:49","slug":"leyes-colombianas","status":"publish","type":"page","link":"https:\/\/fieldtargetcolombia.com\/index.php\/leyes-colombianas\/","title":{"rendered":"Leyes Colombianas"},"content":{"rendered":"<p>&nbsp;<\/p>\n<p style=\"text-align: center;\">LEYES Y DECRETOS VIGENTES DE INTER\u00c9S PARA TODAS \u00a0AQUELLAS PERSONAS QUE USAN ARMAS NEUM\u00c1TICAS EN ACTIVIDADES DEPORTIVAS<\/p>\n<h3><\/h3>\n<p>Click para descargar en formato PDF:<\/p>\n<p><span style=\"color: #3366ff;\"><a href=\"https:\/\/fieldtargetcolombia.com\/wp-content\/uploads\/Documentos\/DECRETO-2535-DE-1993.pdf\">DECRETO 2535 DE 1993<\/a><\/span><\/p>\n<p><span style=\"color: #3366ff;\"><a href=\"https:\/\/fieldtargetcolombia.com\/wp-content\/uploads\/Documentos\/LEY-1801-DE-2016-NUEVO-CODIGO-DE-POLICIA.pdf\">LEY 1801 DE 2016 NUEVO CODIGO DE POLICIA<\/a><\/span><\/p>\n<p><span style=\"color: #3366ff;\"><a href=\"https:\/\/fieldtargetcolombia.com\/wp-content\/uploads\/Documentos\/LEY-181-DE1995-LEY-DEL-DEPORTE.pdf\">LEY 181 DE1995, LEY DEL DEPORTE<\/a><\/span><\/p>\n<p><span style=\"color: #3366ff;\"><a href=\"https:\/\/fieldtargetcolombia.com\/wp-content\/uploads\/Documentos\/LEY-1774-DEL-6-DE-ENERO-DE-2016.pdf\"><span style=\"color: #3366ff;\"><\/span>LEY 1774 DEL 6 DE ENERO DE 2016<\/a><\/span><\/p>\n<p>&nbsp;<\/p>\n<p>Para facilidad de nuestros afiliados y seguidores preparamos un resumen \u00a0para consultar r\u00e1pidamente las Leyes y Decretos de inter\u00e9s.<\/p>\n<p>Click para descargar en formato PDF:<\/p>\n<p><span style=\"color: #3366ff;\"><a href=\"https:\/\/fieldtargetcolombia.com\/wp-content\/uploads\/Documentos\/COMPENDIO-DE-LEYES-Y-DECRETOS.pdf\">COMPENDIO DE LEYES Y DECRETOS<\/a><\/span><\/p>\n<p>&nbsp;<\/p>\n<p>Recomendaciones:<\/p>\n<ul>\n<li>Leer en su totalidad las leyes y Decretos aqu\u00ed relacionados.<\/li>\n<li>Acorde al nuevo c\u00f3digo de Polic\u00eda, quienes usen\u00a0 y\/o transporten armas neum\u00e1ticas deben justificarlo.\u00a0 Para ello deben pertenecer a un Club De Tiro Deportivo.<\/li>\n<li>El transporte de Armas Neum\u00e1ticas debe realizarse en un estuche o malet\u00edn cerrado y llevarlos en el ba\u00fal del veh\u00edculo de tal forma que est\u00e9 fuera del alcance de otras personas. \u00a0El arma debe ir descargada, sin proveedores o magazines. Los di\u00e1bolos, magazines o proveedores debe \u00a0transportarse en un malet\u00edn o estuche distinto al del rifle. No est\u00e1 permitido transportar armas en motocicletas.<\/li>\n<li>Lleve con usted una copia del las Leyes y Decretos. \u00a0Actualmente \u00a0se recomienda tener Factura y Manifiesto de importaci\u00f3n de armas neum\u00e1ticas.<\/li>\n<li>Por ning\u00fan motivo altere o modifique el n\u00famero de serial de sus armas.<\/li>\n<li>Manipule sus \u00a0armas neum\u00e1ticas como si estuvieran cargadas. \u00daselas con \u00a0precauci\u00f3n y observando las normas b\u00e1sicas de seguridad.<\/li>\n<li>No permita el uso de armas a menores de edad y menos a\u00fan sin la supervisi\u00f3n de sus padres.<\/li>\n<li>No consuma bebidas alcoh\u00f3licas cuando manipule o use armas neum\u00e1ticas.<\/li>\n<li>Por su seguridad no transporte y\/o porte pistolas neum\u00e1ticas, fogueo (detonadoras) o traum\u00e1ticas para defensa personal. NO son efectivas en la \u00a0gran mayor\u00eda de los casos. Piense en la posibilidad que un delincuente pueda tener un arma de fuego y usted un arma\u00a0 neum\u00e1tica, fogueo\u00a0 o traum\u00e1tica, lo \u00fanico que va conseguir es aumentar la posibilidad de un enfrentamiento\u00a0 y\u00a0 ser\u00e1 su vida la \u00fanica\u00a0 en riesgo \u00a0y no la del delincuente, usted estar\u00e1 siempre en desventaja. Tenga en cuenta que las armas de fogueo y traum\u00e1ticas no se emplean en\u00a0 ninguna modalidad de tiro deportivo.<\/li>\n<\/ul>\n<p>&nbsp;<\/p>\n<p>&nbsp;<\/p>\n<p>&nbsp;<\/p>\n","protected":false},"excerpt":{"rendered":"<p>&nbsp; LEYES Y DECRETOS VIGENTES DE INTER\u00c9S PARA TODAS \u00a0AQUELLAS PERSONAS QUE USAN ARMAS NEUM\u00c1TICAS EN ACTIVIDADES DEPORTIVAS Click para descargar en formato PDF: DECRETO 2535 DE 1993 LEY 1801 DE 2016 NUEVO CODIGO DE POLICIA LEY 181 DE1995, LEY DEL DEPORTE LEY 1774 DEL 6 DE ENERO DE 2016 &nbsp; Para facilidad de nuestros [&hellip;]<\/p>\n","protected":false},"author":1,"featured_media":0,"parent":0,"menu_order":0,"comment_status":"closed","ping_status":"closed","template":"","meta":[],"_links":{"self":[{"href":"https:\/\/fieldtargetcolombia.com\/index.php\/wp-json\/wp\/v2\/pages\/187"}],"collection":[{"href":"https:\/\/fieldtargetcolombia.com\/index.php\/wp-json\/wp\/v2\/pages"}],"about":[{"href":"https:\/\/fieldtargetcolombia.com\/index.php\/wp-json\/wp\/v2\/types\/page"}],"author":[{"embeddable":true,"href":"https:\/\/fieldtargetcolombia.com\/index.php\/wp-json\/wp\/v2\/users\/1"}],"replies":[{"embeddable":true,"href":"https:\/\/fieldtargetcolombia.com\/index.php\/wp-json\/wp\/v2\/comments?post=187"}],"version-history":[{"count":9,"href":"https:\/\/fieldtargetcolombia.com\/index.php\/wp-json\/wp\/v2\/pages\/187\/revisions"}],"predecessor-version":[{"id":2008,"href":"https:\/\/fieldtargetcolombia.com\/index.php\/wp-json\/wp\/v2\/pages\/187\/revisions\/2008"}],"wp:attachment":[{"href":"https:\/\/fieldtargetcolombia.com\/index.php\/wp-json\/wp\/v2\/media?parent=187"}],"curies":[{"name":"wp","href":"https:\/\/api.w.org\/{rel}","templated":true}]}}