{"id":162,"date":"2017-09-15T13:07:22","date_gmt":"2017-09-15T13:07:22","guid":{"rendered":"http:\/\/fieldtargetcolombia.com\/?page_id=162"},"modified":"2019-04-07T01:28:27","modified_gmt":"2019-04-07T01:28:27","slug":"hunter-field-target","status":"publish","type":"page","link":"https:\/\/fieldtargetcolombia.com\/index.php\/modalidades\/hunter-field-target\/","title":{"rendered":"Hunter Field Target"},"content":{"rendered":"<p><img decoding=\"async\" loading=\"lazy\" class=\"wp-image-146 aligncenter\" src=\"https:\/\/fieldtargetcolombia.com\/wp-content\/uploads\/2017\/09\/AA2006D.jpg\" alt=\"\" width=\"738\" height=\"313\" srcset=\"https:\/\/fieldtargetcolombia.com\/wp-content\/uploads\/2017\/09\/AA2006D.jpg 2000w, https:\/\/fieldtargetcolombia.com\/wp-content\/uploads\/2017\/09\/AA2006D-300x128.jpg 300w, https:\/\/fieldtargetcolombia.com\/wp-content\/uploads\/2017\/09\/AA2006D-768x326.jpg 768w, https:\/\/fieldtargetcolombia.com\/wp-content\/uploads\/2017\/09\/AA2006D-1024x435.jpg 1024w, https:\/\/fieldtargetcolombia.com\/wp-content\/uploads\/2017\/09\/AA2006D-1080x459.jpg 1080w\" sizes=\"(max-width: 738px) 100vw, 738px\" \/>\u00a0 \u00a0 \u00a0 \u00a0 \u00a0 \u00a0 \u00a0 \u00a0 \u00a0 \u00a0 \u00a0 \u00a0 \u00a0 \u00a0 \u00a0 \u00a0 \u00a0 Hellen Kelly &#8211; Reconocida Deportista U.K.<\/p>\n<p>&nbsp;<\/p>\n<h3 style=\"text-align: left;\">Es un deporte al aire libre en el cual se emplean rifles neum\u00e1ticos equipados con miras telesc\u00f3picas, esta modalidad simula un escenario de cacer\u00eda en donde el tirador debe completar un trayecto pre dise\u00f1ado, a lo largo del cual, encontrara\u00a0 una serie de \u201ccalles\u201d o estaciones en donde habr\u00e1 un \u201cestaca\u201d o \u201cPeg\u201d, este elemento debe estar en contacto del arma o del cuerpo del tirador y desde \u00a0este punto debe disparar\u00a0 y acertar a dos \u00a0(2) blancos met\u00e1licos (usualmente con formas de animales) asumiendo la posici\u00f3n de tiro que se le indique\u00a0 (tendido, arrodillado o de pie),\u00a0\u00a0 solo dispone de un disparo por cada objetivo y una cantidad de tiempo limitado.<\/h3>\n<p>&nbsp;<\/p>\n<h4 style=\"text-align: left;\">\u00a0 \u00a0 \u00a0 <img decoding=\"async\" loading=\"lazy\" class=\"alignnone wp-image-2012\" src=\"https:\/\/fieldtargetcolombia.com\/wp-content\/uploads\/2019\/04\/20141102_114854-720x405.jpg\" alt=\"\" width=\"449\" height=\"253\" srcset=\"https:\/\/fieldtargetcolombia.com\/wp-content\/uploads\/2019\/04\/20141102_114854-720x405.jpg 720w, https:\/\/fieldtargetcolombia.com\/wp-content\/uploads\/2019\/04\/20141102_114854-720x405-300x169.jpg 300w\" sizes=\"(max-width: 449px) 100vw, 449px\" \/>\u00a0 \u00a0 \u00a0 \u00a0 \u00a0<img decoding=\"async\" loading=\"lazy\" class=\"wp-image-2013 alignright\" src=\"https:\/\/fieldtargetcolombia.com\/wp-content\/uploads\/2019\/04\/20150418_094331-1-720x405.jpg\" alt=\"\" width=\"438\" height=\"247\" srcset=\"https:\/\/fieldtargetcolombia.com\/wp-content\/uploads\/2019\/04\/20150418_094331-1-720x405.jpg 720w, https:\/\/fieldtargetcolombia.com\/wp-content\/uploads\/2019\/04\/20150418_094331-1-720x405-300x169.jpg 300w\" sizes=\"(max-width: 438px) 100vw, 438px\" \/><\/h4>\n<h3 style=\"text-align: left;\"><\/h3>\n<h3 style=\"text-align: left;\">El Hunter Field Target, es una modalidad que guarda cierta similitud al Field Target, las diferencias principales radican en el arma, las posiciones de tiro y la forma de puntuaci\u00f3n. Las armas de HFT son mas sencillas que las de FT porque no se admiten elementos como ganchos, niveles, inclin\u00f3metros, indicadores de viento, term\u00f3metros etc. y las miras telesc\u00f3picas est\u00e1n limitadas a m\u00e1ximo 12 aumentos (12X). La puntuaci\u00f3n en esta modalidad consiste en otorgar a un tirador que acierte al blanco un (1) punto, si el blanco es derribado dos (2) puntos y cero (0) si falla por completo el blanco. Los blancos en esta modalidad de ubican a distancias que van desde los 9 a los 40 metros.<\/h3>\n<p>&nbsp;<\/p>\n<p><img decoding=\"async\" loading=\"lazy\" class=\"wp-image-2014 alignright\" src=\"https:\/\/fieldtargetcolombia.com\/wp-content\/uploads\/2017\/09\/web4.jpg\" alt=\"\" width=\"279\" height=\"254\" srcset=\"https:\/\/fieldtargetcolombia.com\/wp-content\/uploads\/2017\/09\/web4.jpg 690w, https:\/\/fieldtargetcolombia.com\/wp-content\/uploads\/2017\/09\/web4-300x273.jpg 300w\" sizes=\"(max-width: 279px) 100vw, 279px\" \/><\/p>\n<div>\n<h3>En general esta modalidad es m\u00e1s aproximada a una situaci\u00f3n\u00a0 de cacer\u00eda ya que a diferencia del Field Target, en esta modalidad se permite apoyar el arma en objetos como\u00a0 estacas, arboles u otros elementos que est\u00e9n se\u00f1alizados o cuyo uso sea obligatorio,\u00a0 el tirador de HFT es m\u00e1s intuitivo y dispone de menos tiempo para pensar o analizar las condiciones de cada disparo, es decir,\u00a0 no puede estimar la distancia con la ayuda del paralaje (parallax), no tiene herramientas para conocer la inclinaci\u00f3n de arma, direcci\u00f3n o velocidad del viento o la temperatura, tampoco le es permitido manipular la mira telesc\u00f3pica y hacer ajustes de altura o deriva mediante el uso de las torretas de la misma. Por lo anterior, la destreza del tirador de HFT pender\u00e1 su capacidad de observaci\u00f3n, juzgar y decidir r\u00e1pidamente y sobre todo de su experiencia. Una modalidad desafiante y sin lugar a dudas exigente desde todo punto de vista t\u00e9cnico.<\/h3>\n<\/div>\n<p>&nbsp;<\/p>\n<h3>Nuestro Club practica este deporte acorde a normas internacionales y se acoge al reglamento de la\u00a0\u00a0World Hunter Field Target Organisation.<\/h3>\n<div>\n<p><img decoding=\"async\" loading=\"lazy\" class=\" wp-image-69 aligncenter\" src=\"https:\/\/fieldtargetcolombia.com\/wp-content\/uploads\/2017\/09\/whfto_blue.jpg\" alt=\"\" width=\"657\" height=\"246\" srcset=\"https:\/\/fieldtargetcolombia.com\/wp-content\/uploads\/2017\/09\/whfto_blue.jpg 355w, https:\/\/fieldtargetcolombia.com\/wp-content\/uploads\/2017\/09\/whfto_blue-300x112.jpg 300w\" sizes=\"(max-width: 657px) 100vw, 657px\" \/><\/p>\n<\/div>\n","protected":false},"excerpt":{"rendered":"<p>\u00a0 \u00a0 \u00a0 \u00a0 \u00a0 \u00a0 \u00a0 \u00a0 \u00a0 \u00a0 \u00a0 \u00a0 \u00a0 \u00a0 \u00a0 \u00a0 \u00a0 Hellen Kelly &#8211; Reconocida Deportista U.K. &nbsp; Es un deporte al aire libre en el cual se emplean rifles neum\u00e1ticos equipados con miras telesc\u00f3picas, esta modalidad simula un escenario de cacer\u00eda en donde el tirador debe completar un [&hellip;]<\/p>\n","protected":false},"author":1,"featured_media":0,"parent":58,"menu_order":0,"comment_status":"closed","ping_status":"closed","template":"","meta":[],"_links":{"self":[{"href":"https:\/\/fieldtargetcolombia.com\/index.php\/wp-json\/wp\/v2\/pages\/162"}],"collection":[{"href":"https:\/\/fieldtargetcolombia.com\/index.php\/wp-json\/wp\/v2\/pages"}],"about":[{"href":"https:\/\/fieldtargetcolombia.com\/index.php\/wp-json\/wp\/v2\/types\/page"}],"author":[{"embeddable":true,"href":"https:\/\/fieldtargetcolombia.com\/index.php\/wp-json\/wp\/v2\/users\/1"}],"replies":[{"embeddable":true,"href":"https:\/\/fieldtargetcolombia.com\/index.php\/wp-json\/wp\/v2\/comments?post=162"}],"version-history":[{"count":28,"href":"https:\/\/fieldtargetcolombia.com\/index.php\/wp-json\/wp\/v2\/pages\/162\/revisions"}],"predecessor-version":[{"id":2022,"href":"https:\/\/fieldtargetcolombia.com\/index.php\/wp-json\/wp\/v2\/pages\/162\/revisions\/2022"}],"up":[{"embeddable":true,"href":"https:\/\/fieldtargetcolombia.com\/index.php\/wp-json\/wp\/v2\/pages\/58"}],"wp:attachment":[{"href":"https:\/\/fieldtargetcolombia.com\/index.php\/wp-json\/wp\/v2\/media?parent=162"}],"curies":[{"name":"wp","href":"https:\/\/api.w.org\/{rel}","templated":true}]}}